 of 1785073 and 30349?
2759
Calculate the highest common divisor of 18225154 and 2231.
23
What is the greatest common factor of 448274 and 1166?
106
Calculate the highest common divisor of 2489755 and 11540.
2885
Calculate the highest common factor of 78 and 718215.
3
What is the highest common divisor of 707175873 and 993?
993
What is the highest common divisor of 176 and 1557384048?
176
Calculate the greatest common factor of 247481584 and 140.
28
Calculate the greatest common factor of 65 and 6644612.
13
Calculate the greatest common divisor of 2326532 and 28132.
52
What is the highest common factor of 15024 and 1313376?
48
Calculate the greatest common divisor of 541 and 153194970.
541
What is the greatest common factor of 94035016 and 1826?
166
Calculate the greatest common divisor of 32065 and 2957845.
605
Calculate the highest common factor of 105143864 and 1211.
1211
Calculate the highest common divisor of 104612 and 168.
4
What is the greatest common divisor of 48943412 and 84?
28
Calculate the highest common divisor of 10435 and 8339652.
2087
What is the highest common factor of 182684 and 8202344?
1676
Calculate the greatest common divisor of 1313280 and 57240.
1080
What is the highest common divisor of 13 and 250927131?
13
What is the greatest common divisor of 64857 and 855504?
39
Calculate the greatest common divisor of 3976 and 4723544.
56
What is the greatest common divisor of 579 and 2002954?
193
What is the highest common divisor of 119626 and 34816730?
2782
Calculate the greatest common divisor of 532089 and 7128.
81
What is the highest common divisor of 1496 and 60876728?
1496
Calculate the greatest common factor of 57732 and 1791956.
1132
Calculate the greatest common divisor of 6365281 and 659.
659
What is the highest common divisor of 314 and 128030?
2
Calculate the highest common divisor of 1006 and 209.
1
Calculate the highest common factor of 2665704 and 14497.
109
What is the greatest common divisor of 30 and 440432634?
6
Calculate the highest common divisor of 1 and 533710.
1
What is the highest common factor of 433147 and 4576?
143
Calculate the greatest common factor of 44547362 and 6365.
1273
Calculate the highest common divisor of 6 and 261950.
2
Calculate the highest common factor of 5767759 and 103760.
1297
Calculate the greatest common factor of 279325 and 775.
25
What is the highest common factor of 780155 and 2359?
337
What is the greatest common divisor of 80370 and 1020840?
1410
Calculate the highest common divisor of 271068 and 167343.
1383
What is the greatest common divisor of 16172 and 23465?
13
Calculate the highest common divisor of 49754741 and 149769.
1849
Calculate the highest common factor of 5980 and 67255565.
1495
What is the greatest common divisor of 1225071 and 12517767?
4239
Calculate the greatest common divisor of 3556 and 12886436.
508
Calculate the highest common factor of 22729 and 21224875.
1337
What is the greatest common factor of 4361 and 35401263?
89
What is the highest common factor of 274835 and 50160?
1045
What is the greatest common factor of 1013460 and 22344?
1596
Calculate the greatest common factor of 54 and 452337588.
54
What is the highest common factor of 987 and 183855963?
141
Calculate the highest common factor of 15673251 and 1815.
363
What is the highest common factor of 143650 and 128350?
850
Calculate the greatest common factor of 116 and 93634.
2
Calculate the greatest common divisor of 1431 and 9218661.
159
What is the greatest common divisor of 23177 and 127323?
301
What is the highest common divisor of 109200 and 5838?
42
What is the highest common factor of 271778 and 818?
2
Calculate the greatest common divisor of 4070 and 1381580.
370
What is the greatest common factor of 52180767 and 1514?
757
Calculate the greatest common divisor of 17400 and 23640.
120
What is the highest common divisor of 6820 and 135208205?
1705
What is the highest common divisor of 1002077703 and 4398?
2199
Calculate the highest common divisor of 20735 and 17914170.
145
Calculate the highest common divisor of 61513016 and 1284.
428
Calculate the greatest common divisor of 8920 and 58358208.
1784
Calculate the greatest common factor of 675986078 and 148.
74
Calculate the greatest common factor of 50387968 and 3584.
512
What is the greatest common divisor of 6255990 and 6435?
585
Calculate the greatest common factor of 1006 and 146560619.
503
What is the greatest common factor of 8 and 2698196?
4
What is the greatest common divisor of 582354 and 46?
2
What is the highest common divisor of 12048 and 74832?
48
Calculate the greatest common divisor of 1407 and 1229388762.
1407
Calculate the highest common divisor of 3508687 and 728.
91
What is the greatest common factor of 1934940 and 3885?
105
Calculate the greatest common divisor of 180512 and 416.
32
Calculate the greatest common factor of 607070 and 13634.
34
Calculate the highest common factor of 1635 and 17337213.
327
Calculate the greatest common factor of 427 and 224553.
7
Calculate the highest common divisor of 147766 and 122.
2
What is the greatest common divisor of 16725725 and 50?
25
Calculate the highest common divisor of 2674 and 237729296.
2674
Calculate the greatest common divisor of 204 and 7934604.
12
Calculate the highest common divisor of 363 and 5210733.
33
What is the highest common divisor of 353984 and 33856?
64
What is the greatest common divisor of 27378 and 1440?
18
Calculate the greatest common divisor of 368 and 19990358.
46
What is the highest common factor of 888 and 527028?
444
What is the highest common factor of 1147790 and 20496?
14
What is the greatest common factor of 9888 and 872832?
96
Calculate the greatest common divisor of 4186 and 3007342.
598
What is the highest common divisor of 1334 and 129041155?
667
What is the highest common divisor of 24 and 21546676?
4
What is the greatest common divisor of 609216454 and 748?
374
Calculate the greatest common factor of 290428 and 13124.
68
What is the highest common factor of 223653 and 159?
3
What is the greatest common divisor of 57582 and 654528?
42
What is the highest common factor of 93 and 5179263?
93
What is the highest common divisor of 289013 and 33604?
31
What is the highest common factor of 1060420 and 1390?
10
What is the greatest common factor of 3719000 and 33800?
200
What is the greatest common factor of 821583 and 51759?
729
What is the highest common divisor of 2168 and 14336713?
271
What is the greatest common divisor of 106 and 469648?
2
What is the greatest common divisor of 60 and 542400084?
12
What is the greatest common factor of 82 and 743965664?
82
Calculate the highest common factor of 162 and 9019242.
54
What is the greatest common divisor of 9125653 and 404?
101
What is the greatest common factor of 177562153 and 2361?
787
Calculate the highest common factor of 53878 and 688564.
158
Calculate the highest common factor of 4326 and 6216112.
14
What is the greatest common factor of 4047069 and 44239?
533
What is the highest common divisor of 10807 and 716797?
101
What is the greatest common divisor of 193644 and 8739082?
3586
What is the greatest common factor of 135935 and 63144?
877
What is the highest common factor of 274 and 6117187?
137
Calculate the highest common factor of 17 and 4849556.
17
Calculate the greatest common factor of 2345 and 2325715.
35
What is the highest common divisor of 602 and 26319139?
301
What is the greatest common divisor of 70 and 74828635?
35
Calculate the greatest common factor of 2845 and 565135.
5
Calculate the greatest common factor of 383967 and 3267.
27
Calculate the highest common divisor of 12992 and 2337748.
812
Calculate the highest common factor of 268992 and 24144.
48
What is the highest common factor of 1178056 and 4434748?
4868
Calculate the highest common factor of 144039506 and 286.
26
Calculate the highest common divisor of 7797309 and 78.
39
Calculate the greatest common divisor of 53176782 and 1292.
646
What is the highest common divisor of 1114 and 802?
2
Calculate the greatest common divisor of 16143538 and 3837.
1279
Calculate the highest common divisor of 1863 and 7186833.
621
Calculate the highest common divisor of 45 and 738328050.
45
What is the greatest common divisor